mainder when u is divided by g.
7
Let d(y) = -6 - 3*y + 6*y**2 - 6*y**2 + 9*y**2 - y**3. Calculate the remainder when 99 is divided by d(8).
31
Let h = 26899 + -26852. Let r = -14 + 24. What is the remainder when h is divided by r?
7
Suppose 2*v + 0 - 8 = 0. Let m be 177 - -4*(-1)/v. Suppose -5*k = -m + 21. Calculate the remainder when k is divided by 11.
9
Suppose -4*y = -3*j + 30, 3*j + 6*y - 30 = y. Suppose -16*b + 3*b + 221 = 0. What is the remainder when b is divided by j?
7
Let u be 96/18*(1 - -2). Let n = u + -14. Calculate the remainder when 103 is divided by 1/((-2)/(-140)*n).
33
Let g(j) = 5*j**2 + 5*j + 3. Let m(a) = -2*a + 2. Let p be m(1). Suppose -3 = f + 2, 5*y - 2*f + 5 = p. Calculate the remainder when g(y) is divided by 17.
16
Let t(b) = -8*b - 6. Let n be t(-6). Suppose 2*o + n = 5*o. Calculate the remainder when 67 is divided by o.
11
Suppose 47*p - 37*p - 10 = 0. Calculate the remainder when 3 is divided by p.
0
Suppose -d + 0 = -x - 9, 41 = 4*d - 3*x. What is the remainder when d is divided by (1*-8)/((-9)/9)?
6
Suppose 4*m - y - 2585 = 0, 0 = -5*m - 3*y + 1874 + 1336. Calculate the remainder when m is divided by 9.
6
Suppose -5*y - 4*q + 246 = 0, 5 = 3*y + 4*q - 149. Suppose 0 = 2*l - 9*l + 280. What is the remainder when y is divided by (18/(-5))/((-12)/l)?
10
Suppose -5*r - 5*h + 2*h = 8, -r - 5*h = -16. Suppose -2*f + 0*f = -80. Calculate the remainder when f is divided by (-14)/(-4) + r - 29/(-2).
12
Suppose 0 = 6*v - 9*v + 33. Let q(x) = x**3 - 11*x**2 - x + 7. Let t be q(v). Calculate the remainder when (t/(-6))/((-6)/(-306)) is divided by 12.
10
Let p = 6 - 4. Suppose p*w + u = -1, -10 = 5*w - 0*w + 4*u. Calculate the remainder when ((-440)/(-14))/5 + (-10)/35 is divided by w.
0
What is the remainder when (-2566 + (4 - 4))/(-11 + 9) is divided by 13?
9
Suppose 54 - 14 = 5*w. Let z be (w/4 + -2)*1. Suppose -2*k + 99 = 4*c - 87, -2*c + k + 91 = z. What is the remainder when c is divided by 16?
14
Let u(a) be the second derivative of -1/20*a**5 + 0 + 5/6*a**4 - 2*a**2 - 4/3*a**3 - 5*a. Calculate the remainder when 17 is divided by u(9).
2
Let c(l) = 88*l**2 + 8*l - 81*l**2 + 12*l + 1. Let h(r) = r**3 + 5*r**2 - 2*r + 2. Calculate the remainder when c(-5) is divided by h(-4).
24
Let c(t) = -103 + 0*t + 14*t + t**3 + 103 - 14*t**2. What is the remainder when 49 is divided by c(13)?
10
Suppose -2*d + 4*u - 4 = -u, -d - 2 = -3*u. Let q(v) = v**3 + 7*v**2 + 5*v + 2. Calculate the remainder when ((-43)/2)/(d/4) is divided by q(-3).
20
What is the remainder when (8/5)/(4/10) - -39 is divided by 17?
9
Let r = -24 - -93. Let w = r - 37. Calculate the remainder when 124 is divided by w.
28
Let r = 3676 - 3574. Let p = -18 + 39. What is the remainder when r is divided by p?
18
Let y(v) = -3*v + 7. Let q be y(-8). Suppose z + q = -r, 0 = 4*r - 4*z - z + 115. Let d = -9 - r. Calculate the remainder when 80 is divided by d.
17
Let p = 356 + -340. Let a be 1 - 1/1 - -2. Suppose 0*h = a*h - 18. Calculate the remainder when p is divided by h.
7
Let j be -3 + -2 + 107 + -2. Let f = -85 + j. Let n = 1 + 2. What is the remainder when f is divided by n?
0
Suppose 3*d + 4*k - 357 - 176 = 0, 3*k - 176 = -d. Calculate the remainder when d is divided by 45.
44
Let q(y) = y + 12. Let t be q(2). Suppose t*v - 401 = -107. Calculate the remainder when v is divided by 6.
3
Let s(l) = -3*l**3 - 16*l**2 - 33*l + 31. Let y(w) = -7*w + 8. Calculate the remainder when s(-4) is divided by y(-6).
49
Let o be ((-3)/2)/(9/(-12)). Calculate the remainder when 18 is divided by o/(-3) + 51/9.
3
What is the remainder when 183 is divided by (0 + (-6)/(-2))*14/2?
15
Let h = 114 - 80. Let y(d) = -4*d + 43. Suppose -12 = -3*i, -3*i = -2*q - 7*i + 34. Calculate the remainder when h is divided by y(q).
6
Let o(t) = -t**3 + 32*t**2 - 60*t + 24. What is the remainder when 70 is divided by o(30)?
22
Let z(u) = -u**2 + 10*u - 4. Suppose -s + 40 = 7*s. Suppose 0 = 3*v - r - 33 - 0, -s*r - 25 = -v. What is the remainder when z(7) is divided by v?
7
Let t(y) = y**3 + 8*y**2 - 37*y + 2. What is the remainder when t(-11) is divided by 4?
2
Suppose 0 = o + 117 - 123. Let s = 58 + -36. What is the remainder when s is divided by o?
4
Suppose -9*a = -363 - 1482. Calculate the remainder when a is divided by 26.
23
Calculate the remainder when (60/3)/4 - -496 is divided by 63.
60
Let g = 84 - 29. Suppose -f = -3*q - g, 4*q = 3*f + 2*f - 242. What is the remainder when f is divided by 12?
10
Suppose 16 - 126 = -5*m. Suppose j - 12 = -8. Suppose -7*w + 24 = -j*w. Calculate the remainder when m is divided by w.
6
Suppose -17*g + 22*g - 13781 = -h, 0 = -4*h - 16. Calculate the remainder when g is divided by 15.
12
Suppose -v = 14 - 2. Let g = -9 - v. What is the remainder when 29 - (0 - g/3) is divided by 11?
8
Let c = 18 + -6. Suppose 9*o = c*o - 228. Let n = -31 + o. Calculate the remainder when n is divided by 12.
9
Suppose 2*v - 230 = -4*c + 110, -3*c = v - 255. Suppose -u + 3*t + 5 + 2 = 0, 4*t = u - 2. Calculate the remainder when c is divided by u.
19
Suppose x + 5*r - 16 = 0, r + 21 - 85 = -4*x. Suppose 59 + 1 = 2*i. Calculate the remainder when i is divided by x.
14
Let y = -306 + 214. Let i = -55 - y. Suppose 5*o + 5*x = -i + 102, -14 = -2*o + x. What is the remainder when o is divided by 5?
4
What is the remainder when (-43710)/(-210) + 2/(-14) is divided by 14?
12
Let w be (-1)/(-5) + (-99)/45. Calculate the remainder when 7 + (-2 - -2) - w is divided by 4.
1
Let l = -10 - -13. Suppose l*b = 120 + 114. What is the remainder when b is divided by 27?
24
Let f be 355/15 - -3 - (-2)/(-3). Suppose 21*w + 10 = f*w. Calculate the remainder when 4 is divided by w.
0
Let b = -43 - -68. Suppose 5*n = -x + 16 + b, -91 = -2*x - n. Calculate the remainder when x is divided by 7.
4
Suppose 5*a = 949 - 674. What is the remainder when 161 is divided by a?
51
What is the remainder when 242 is divided by (-250)/(-9) + -1 - 36/(-162)?
26
What is the remainder when 412/(-2)*(-795)/318 is divided by 171?
2
Suppose -49*o + 8*o = -369. What is the remainder when 143 is divided by o?
8
Let l(o) = o**2 + 6*o + 2. Let v be l(-11). Let p = v + -26. Suppose 0 = -4*w + 8*w - 68. Calculate the remainder when p is divided by w.
14
Let n = -332 - -349. Calculate the remainder when (-27 + (-3 - -2))/(-1) is divided by n.
11
Suppose 370 = 16*c - 6*c. What is the remainder when 66 is divided by c?
29
Let x(u) = 6*u + 101. Calculate the remainder when x(16) is divided by ((-33)/(-4))/(6/16).
21
Suppose 73 = -2*c + 217. Calculate the remainder when 145 is divided by c.
1
Suppose 3*d - 5*d + 75 = 5*q, -3*d - 66 = -3*q. Let u = -1 - q. Let w = u + 40. Calculate the remainder when 87 is divided by w.
21
Suppose 4*g - 26*j - 1196 = -23*j, 5*g + 5*j - 1495 = 0. What is the remainder when g is divided by 15?
14
Let f = 24 - 18. Calculate the remainder when (-4)/14 + 228/14 is divided by f.
4
Suppose 2*c - 23 = 141. Calculate the remainder when c is divided by 17.
14
Suppose 4*a = -a + 10. Calculate the remainder when 119 is divided by a/(3/180*3).
39
Suppose 82*f = -20*f + 6426. What is the remainder when f is divided by 46?
17
Let b = 363 - 336. Calculate the remainder when b is divided by 9.
0
Let z(m) = -m - 5. Let v be z(-15). Let h = v + -7. What is the remainder when 25 is divided by 1 + ((-3)/h - -7)?
4
Let z(p) = -2*p**2 - 21*p - 3. Calculate the remainder when 47 is divided by z(-9).
23
Calculate the remainder when 18 is divided by -3 - (2 + -4 - -3)*-17.
4
Suppose 3*g + 2*v = 287, 0 = -3*g - 0*g - 3*v + 291. What is the remainder when 200 is divided by g?
14
Suppose -5*h = -3*a - 37, 3*h + a = -2*a + 3. Suppose x = -2 + 19. Calculate the remainder when x is divided by h.
2
Suppose -r + 2 + 13 = 0. Calculate the remainder when 39 is divided by r.
9
Suppose 2*g + 42*v = 46*v + 32, 0 = 3*g + v - 20. What is the remainder when g is divided by 2?
0
Calculate the remainder when ((-63)/(-5))/((28/(-20))/(-7)) is divided by 23.
17
Suppose -4*r + 172 = -4*k, 4*r + k - 182 = -0*r. Calculate the remainder when 311 is divided by r.
41
Calculate the remainder when (12/(-4) - -4)/(1/287) is divided by 48.
47
Let y be (88/(-20))/(1/5). Let x be y - (2 - -1 - 6). Let c = 42 + x. What is the remainder when 68 is div